{"id":50,"date":"2025-11-04T11:27:36","date_gmt":"2025-11-04T10:27:36","guid":{"rendered":"https:\/\/affairesdupere.fr\/?page_id=50"},"modified":"2025-11-04T15:32:35","modified_gmt":"2025-11-04T14:32:35","slug":"qui-sommes-nous","status":"publish","type":"page","link":"https:\/\/affairesdupere.fr\/index.php\/qui-sommes-nous\/","title":{"rendered":"Qui sommes nous ?"},"content":{"rendered":"\n<p>Mission Affaires du P\u00e8re (MAP) est une association culturelle fond\u00e9e en 2025 \u00e0 Lannion par J\u00e9r\u00f4me et Peiyan FROGER.<\/p>\n\n\n\n<p>Le nom \u00ab Mission Affaires du P\u00e8re \u00bb fait r\u00e9f\u00e9rence au verset : <br>\u00ab Ne saviez-vous pas qu&rsquo;il faut que je m&rsquo;occupe des affaires de mon P\u00e8re? \u00bb Luc 2:49<br><strong>Affaires <\/strong>: renvoie \u00e0 l&rsquo;ordre de la cr\u00e9ation et au monde du travail<br><strong>P\u00e8re<\/strong> : renvoie \u00e0 Dieu le P\u00e8re avec une forte notion de famille<br><strong>Mission <\/strong>: nous avons tous un r\u00f4le \u00e0 jouer <br><\/p>\n","protected":false},"excerpt":{"rendered":"<p>Mission Affaires du P\u00e8re (MAP) est une association culturelle fond\u00e9e en 2025 \u00e0 Lannion par J\u00e9r\u00f4me et Peiyan FROGER. Le nom \u00ab Mission Affaires du P\u00e8re \u00bb fait r\u00e9f\u00e9rence au verset : \u00ab Ne saviez-vous pas qu&rsquo;il faut que je m&rsquo;occupe des affaires de mon P\u00e8re? \u00bb Luc 2:49Affaires : renvoie \u00e0 l&rsquo;ordre de la &hellip; <\/p>\n<p class=\"link-more\"><a href=\"https:\/\/affairesdupere.fr\/index.php\/qui-sommes-nous\/\" class=\"more-link\">Continuer la lecture <span class=\"screen-reader-text\"> \u00ab\u00a0Qui sommes nous ?\u00a0\u00bb<\/span><\/a><\/p>\n","protected":false},"author":1,"featured_media":0,"parent":0,"menu_order":0,"comment_status":"closed","ping_status":"closed","template":"","meta":{"footnotes":""},"class_list":["post-50","page","type-page","status-publish","hentry","entry"],"_links":{"self":[{"href":"https:\/\/affairesdupere.fr\/index.php\/wp-json\/wp\/v2\/pages\/50","targetHints":{"allow":["GET"]}}],"collection":[{"href":"https:\/\/affairesdupere.fr\/index.php\/wp-json\/wp\/v2\/pages"}],"about":[{"href":"https:\/\/affairesdupere.fr\/index.php\/wp-json\/wp\/v2\/types\/page"}],"author":[{"embeddable":true,"href":"https:\/\/affairesdupere.fr\/index.php\/wp-json\/wp\/v2\/users\/1"}],"replies":[{"embeddable":true,"href":"https:\/\/affairesdupere.fr\/index.php\/wp-json\/wp\/v2\/comments?post=50"}],"version-history":[{"count":4,"href":"https:\/\/affairesdupere.fr\/index.php\/wp-json\/wp\/v2\/pages\/50\/revisions"}],"predecessor-version":[{"id":69,"href":"https:\/\/affairesdupere.fr\/index.php\/wp-json\/wp\/v2\/pages\/50\/revisions\/69"}],"wp:attachment":[{"href":"https:\/\/affairesdupere.fr\/index.php\/wp-json\/wp\/v2\/media?parent=50"}],"curies":[{"name":"wp","href":"https:\/\/api.w.org\/{rel}","templated":true}]}}